6*d + 245 - 14. What is the remainder when d is divided by 117?
114
Let r = -7841 - -7906. What is the remainder when 245 is divided by r?
50
Let l be 20/(-4) + (179 - -6). Suppose -46*x = -52*x + l. What is the remainder when 106 is divided by x?
16
Let x = -12 - -17. Suppose -2 = x*f - 12. Suppose 14 = t - f*l, -4*l + 4 + 28 = t. Calculate the remainder when 99 is divided by t.
19
Let t be 3*((-60)/18)/(-2). Suppose a - 4*a = -t*y + 3, -4*a = -2*y - 10. Calculate the remainder when 23 is divided by y.
2
Let h(a) = -9*a**3 + 2*a**2 + 2*a. Suppose 14*t - 8*t + 6 = 0. Suppose -5*n = -6 - 14. Calculate the remainder when h(t) is divided by n.
1
Let v = -99 - -203. Suppose -4*b + 0*b + v = 0. Let t = b - 19. What is the remainder when 8 is divided by t?
1
Let i(t) = 7*t - 83. Let o be i(12). Let j(d) be the third derivative of 5*d**4/6 + 3*d**3/2 + 4*d**2. What is the remainder when j(o) is divided by 8?
5
What is the remainder when 553670/130 + 1*(10 - (-2)/(-1)) is divided by 1419?
10
Suppose -20*z + 213 + 363 = -1924. What is the remainder when 2242 is divided by z?
117
Let r(z) be the second derivative of z**5/20 + 5*z**4/6 + 8*z**3/3 + 5*z**2/2 - 4*z + 8. What is the remainder when r(-5) is divided by 11?
6
Let h = -28 - -28. Suppose -f = -h*u - u - 1, 13 = f + 3*u. Suppose o = -f*o + i, 0 = -3*o + 3*i - 12. Calculate the remainder when o is divided by 1.
0
Let h(p) = -15*p**2 - 6*p + 8. Let k be h(2). Let u be (-16)/88 + k/11. Calculate the remainder when 50 is divided by (2/u)/(4/(-204)).
16
Suppose -281*d = -267*d - 2842. What is the remainder when d is divided by 40?
3
Suppose -337*d + 331*d = 84. Let a = -6 - d. What is the remainder when 62 is divided by a?
6
Calculate the remainder when 307 is divided by -9 - (-5 + 7) - (0 - 6) - -44.
34
Suppose -3*f = j - 3817, -6*f - 11*j = -10*f + 5077. What is the remainder when f is divided by 213?
207
Let v = 2481 + -2457. What is the remainder when v is divided by 9?
6
What is the remainder when ((-66)/21)/(2*(-7)/9898) is divided by 25?
22
Suppose 5*f = -5*c + 12610, 207 = 2*c - 4*f - 4813. Calculate the remainder when c is divided by 30.
28
Calculate the remainder when 1714 is divided by (41/205)/((3 - 1) + (-218)/110).
9
Suppose 0 = w + 2*i - 562, -4*w + 2218 = -55*i + 53*i. Calculate the remainder when 558 is divided by w.
2
Suppose 2*j = -5*g - 24 + 307, -g = 4*j - 593. What is the remainder when 1053 is divided by j?
10
Let k = 1168 + -646. What is the remainder when 535 is divided by k?
13
Let i(y) = -15*y - 17*y - 47 + 27*y - 4*y. Calculate the remainder when i(-26) is divided by 21.
19
Let p be -3 + 4 - 7 - -86. Suppose -p*j - 297 = -89*j. Suppose -n - 25 = -6*n. What is the remainder when j is divided by n?
3
Suppose 3*y + 5*f + 243 = 296, -y + 5*f = -51. Calculate the remainder when (0 + 1 - 0)/(24/2040) is divided by y.
7
Let s(u) = -5*u - 230. Let h be s(-16). Calculate the remainder when 81 is divided by -3 + (1/(-2))/(3/h).
15
Let j(h) = 2*h**3 + 17*h**2 - 13*h - 31. Let k be j(-9). Suppose 237 = k*a - 13. What is the remainder when a is divided by 31?
19
Let v(o) be the first derivative of 2*o**3/3 + o**2 + o - 14. Let b be v(-2). Let j = 19 - b. What is the remainder when 38 is divided by j?
10
Let f = 74 - 38. Suppose 24*k - f = 6*k. What is the remainder when 2/(-5) + (-74)/(-10) is divided by k?
1
Let m = -54 - -58. Suppose 0 = 3*u + 4*p - 128, -6*u + 136 = -3*u - m*p. Let b = 50 - u. What is the remainder when b is divided by 3?
0
Suppose 7*d - 12135 = -11974. Calculate the remainder when 293 is divided by d.
17
Suppose 4*o = -10*o - 19*o + 1089. Calculate the remainder when 206 is divided by o.
8
Calculate the remainder when (((-12)/(-8))/3)/((-9)/(-3582)) is divided by 66.
1
Let o = 798 + -292. Suppose 3*t = -2*t - 2*d - o, 4*d = -t - 94. Let v = -77 - t. What is the remainder when v is divided by 4?
1
Let w(t) = 29*t**2 - 13*t - 30. Let o be w(-2). Let y = 183 - o. Let s(a) = -5*a + 2. Calculate the remainder when y is divided by s(-2).
11
Suppose -4*u - 216 = -p, 648 = 3*p - 4*u - 24. What is the remainder when p is divided by 48?
36
Suppose -12 = -j + 12. Let t = 22 + -64. Let x = 56 + t. What is the remainder when j is divided by x?
10
Calculate the remainder when 183 is divided by (-1)/3 + (-110770)/(-795).
44
Suppose 4*r - 2 = 3*x - x, -4*r + 37 = 5*x. Suppose d + 12 = r*d - 4*i, -4 = -4*i. Suppose -2*u + 0 = -d. What is the remainder when u is divided by 1?
0
Let o = 201 + -117. Let s = o - 65. What is the remainder when 85 is divided by s?
9
Let c = 13103 - 13031. Calculate the remainder when 345 is divided by c.
57
Let g = 23 - 19. Suppose 5 = -u - g*u. Calculate the remainder when 38 is divided by (-64)/24*u*3.
6
Suppose 5906*w - 67980 = 5886*w. What is the remainder when w is divided by 131?
124
Suppose -155*a = -364*a + 17556. What is the remainder when 2598 is divided by a?
78
Let p(t) = 7*t**2 + 139*t + 8. Let i(l) = -2*l**2 - 6*l - 6. Let h be i(-3). What is the remainder when p(-20) is divided by (17 - (h - -2)) + -3?
10
Let o = -4855 - -4862. Calculate the remainder when 719 is divided by o.
5
Let l(i) be the third derivative of -i**6/120 - i**5/15 + i**4/4 + 11*i**3 + 19*i**2. Calculate the remainder when l(-8) is divided by 46.
44
Let s = -9 - -21. Suppose 11 = s*u - 49. Suppose -14*f + 16*f = 22. What is the remainder when f is divided by u?
1
Suppose -261*z + 8380 + 3104 = 0. Suppose 161 = j - 3*f, 4*f - 12 - 4 = 0. Calculate the remainder when j is divided by z.
41
Let n(b) = 106*b - 1945. Calculate the remainder when n(32) is divided by 3.
1
Let x = 81 - 117. Let u be x/(-10) + (-12)/20. Suppose -i + 60 = u*t, -125 = -2*i - 8*t + 3*t. What is the remainder when i is divided by 13?
10
Suppose 5*d - 4*c = 3216, 1299 = 19*d - 17*d - 3*c. What is the remainder when d is divided by 90?
6
Suppose -9*z - 766 = 2*o - 4*z, 5*o - z + 1861 = 0. Let f = -360 - o. Calculate the remainder when 33 is divided by f.
7
Suppose 4270*x - 4273*x = 2*h - 21887, -2*h = -8. Calculate the remainder when x is divided by 12.
9
Let x be (-24)/(-1)*((-54)/12)/(-9). What is the remainder when (16/x)/((-1)/(-27)) is divided by 25?
11
Let c(u) = u**2 + 7*u - 4. Let n be c(-4). Let r = 73 + n. Let j = -47 + r. What is the remainder when 17 is divided by j?
7
Let f = -36 + 51. Suppose -f = -l + 18. Suppose 3*r - 74 + 38 = 0. What is the remainder when l is divided by r?
9
Let k be (20 + -17)*(-2)/(-3) - -5. Calculate the remainder when 157 is divided by k/((-7)/(-3)) + 0.
1
Suppose 3*i + 103 = -c + 1025, -4*i - c = -1227. Calculate the remainder when 795 is divided by i.
185
Let h(z) = z**3 + 8*z**2 + 14*z + 15. Let b be h(-6). Suppose 5*w - 5*c = 40, -w - b*c + 25 - 21 = 0. Calculate the remainder when 25 is divided by w.
4
Suppose -4*v + z = -341 - 452, v - 195 = -3*z. Let l = 356 - v. What is the remainder when l is divided by 32?
30
Let p(r) = -r + 9. Let t be p(4). Suppose -35 = t*d - 5*a, -4*d + 4*a - 23 = a. Calculate the remainder when 37 is divided by (-6)/d*52/12.
11
Calculate the remainder when 162 is divided by 5 + (-108)/20 - 247*(-7)/35.
15
Suppose -22 = -5*z - 7. Suppose 4*n + 147 = z*y, 0 = -y - 2*y - 5*n + 174. What is the remainder when 210 is divided by y?
51
Let a(c) = -21*c + 37. Let f be a(5). Let b = f - -89. Calculate the remainder when (-404)/(-7) - (-12)/42 is divided by b.
16
Let h(t) = -4*t - 10. Let x be h(-4). Calculate the remainder when 732/(-8)*(-2)/3 is divided by 4*(-16)/(-10 + x).
13
Let r = 7785 - 7716. Calculate the remainder when r is divided by (-2 + 6)*6 + -1.
0
Let u(f) = -48*f - 1321. What is the remainder when u(-43) is divided by 23?
7
Let c be (-728)/(-3)*(-36)/(-24). What is the remainder when 105 is divided by c/20 - 7/35?
15
Let u(i) = 19*i**2 + 16*i - 21. What is the remainder when u(4) is divided by 109?
20
Let x = 3 + 0. Suppose -36 = -2*u + 5*n, 5*n = -x*u - 13 + 17. Suppose 0*i - 60 = -5*i + 5*t, -4*i - 2*t = -54. What is the remainder when i is divided by u?
5
Let y = -4843 - -4855. What is the remainder when 1103 is divided by y?
11
Let y(u) = -u**2 - 9*u - 4. Let z(c) = -347*c + 8331. What is the remainder when y(-6) is divided by z(24)?
2
Let x(b) = 64*b + 46. Let r(o) = -32*o - 23. Let p(z) = -5*r(z) - 3*x(z). What is t